
In base 15, what is 4 + 1a1d?
1a22
In base 5, what is -422 - -40?
-332
In base 11, what is 375 - 27?
349
In base 8, what is -4 - -2231?
2225
In base 16, what is -3 - -8df?
8dc
In base 7, what is -4 - -14?
10
In base 2, what is -111010011 - -10010?
-111000001
In base 7, what is 14 - -2211?
2225
In base 16, what is -5 + 4d?
48
In base 6, what is -215 + 1?
-214
In base 16, what is 2 + -f?
-d
In base 14, what is 1 + -a?
-9
In base 4, what is 1 - 113?
-112
In base 7, what is -20 - 0?
-20
In base 16, what is -1de5 - 2?
-1de7
In base 8, what is 5 - -306?
313
In base 4, what is 113 + -11?
102
In base 16, what is -9f - -27?
-78
In base 3, what is -12 + -10111?
-10200
In base 6, what is 2 - 1524?
-1522
In base 6, what is -5 - 304?
-313
In base 3, what is 100 + 2110?
2210
In base 13, what is 87 + -a?
7a
In base 2, what is 101 + -110011011?
-110010110
In base 10, what is -5913 - -5?
-5908
In base 9, what is 1 - -6?
7
In base 6, what is 11 + -535?
-524
In base 9, what is 215 + 56?
272
In base 10, what is -3 - -256?
253
In base 16, what is 2 + -18?
-16
In base 2, what is -1 - -1110100?
1110011
In base 14, what is 46 - 1?
45
In base 4, what is -132 + 12?
-120
In base 15, what is -1 + 4e?
4d
In base 9, what is 250 + 55?
315
In base 10, what is -3 - 810?
-813
In base 9, what is 471 - -2?
473
In base 2, what is -1 + -1100000100?
-1100000101
In base 5, what is 1010 - -42?
1102
In base 14, what is -4 - -bc?
b8
In base 4, what is 12 + -132?
-120
In base 12, what is -2 + 25a?
258
In base 6, what is -4554 + 11?
-4543
In base 8, what is -3 - 235?
-240
In base 7, what is -1 - -633?
632
In base 7, what is -1 + 12?
11
In base 16, what is -231 + 1?
-230
In base 4, what is 230 + -12?
212
In base 12, what is 302 + 20?
322
In base 6, what is -5 - -21015?
21010
In base 8, what is 10 - -2?
12
In base 11, what is 3 + 432?
435
In base 8, what is -202 + 144?
-36
In base 9, what is 30 + 24?
54
In base 16, what is 1b + 3?
1e
In base 10, what is -23 + 6?
-17
In base 6, what is 124 - 1?
123
In base 10, what is -3 - -92?
89
In base 6, what is 1502 - 2?
1500
In base 4, what is -101013 - 11?
-101030
In base 13, what is -3 - b?
-11
In base 15, what is -4 - -183?
17e
In base 3, what is -2211 - 10?
-2221
In base 5, what is -1424 + -10?
-1434
In base 2, what is 100 + -110010001?
-110001101
In base 5, what is -1240 + -32?
-1322
In base 5, what is -2322 - 20?
-2342
In base 15, what is 17 + d?
25
In base 12, what is 36 - 0?
36
In base 15, what is 454 + 1?
455
In base 12, what is -32 + 66?
34
In base 15, what is 2d + -a?
23
In base 11, what is 6a - -2?
71
In base 16, what is -6 + 30?
2a
In base 15, what is -60 + 3?
-5c
In base 3, what is -20002 - 10?
-20012
In base 2, what is 110111110 - -11?
111000001
In base 14, what is -36 - 1d8?
-230
In base 6, what is -15 + -251?
-310
In base 9, what is -65 - 10?
-75
In base 4, what is 11 + -300023?
-300012
In base 2, what is -10000101101 + -11110?
-10001001011
In base 12, what is -2 - b1?
-b3
In base 7, what is -363 - 1?
-364
In base 7, what is 0 + 145?
145
In base 7, what is 34452 + -3?
34446
In base 10, what is 1745 - 0?
1745
In base 12, what is 6404 - -3?
6407
In base 14, what is -5 - -7?
2
In base 16, what is -1 + cb?
ca
In base 10, what is 4 - -612?
616
In base 3, what is -10200000 + -11?
-10200011
In base 2, what is -1100010101 - 110?
-1100011011
In base 6, what is -4 + 5220?
5212
In base 4, what is 12 - -13?
31
In base 2, what is 1011101 - -1110100?
11010001
In base 10, what is 0 + -34?
-34
In base 7, what is -4 + -545?
-552
In base 4, what is -1232 + 112?
-1120
In base 10, what is 2 + -310?
-308
In base 8, what is 21674 - -2?
21676
In base 13, what is -4 + b?
7
In base 10, what is -1 + -9080?
-9081
In base 3, what is 1210 + 21?
2001
In base 11, what is 50 + -37?
14
In base 13, what is -48 - -243?
1c8
In base 11, what is -239 - 3?
-241
In base 13, what is -502c + -1?
-5030
In base 3, what is 1222 - -100212?
102211
In base 16, what is a12 + -6?
a0c
In base 16, what is 5 + 1?
6
In base 14, what is -3c + -5?
-43
In base 8, what is -455 - 5?
-462
In base 6, what is 31002 + -4?
30554
In base 12, what is 20a - 4?
206
In base 5, what is 10 - -43?
103
In base 3, what is 1010 + 11?
1021
In base 4, what is -1 + 130131?
130130
In base 7, what is -221 - 60?
-311
In base 2, what is -111 - 1111010?
-10000001
In base 7, what is 311 + -3?
305
In base 14, what is 43 + 0?
43
In base 3, what is -1020212 - -1?
-1020211
In base 14, what is -82 + 16?
-6a
In base 7, what is 160 - 32?
125
In base 14, what is 1103 - 3?
1100
In base 13, what is -1785 + 3?
-1782
In base 9, what is -3 - -35?
32
In base 6, what is 50 - -141?
231
In base 16, what is -46e - 0?
-46e
In base 9, what is -4 + 21?
16
In base 13, what is 2 + 10a?
10c
In base 13, what is 2c + -11?
1b
In base 6, what is 1122 - 32?
1050
In base 5, what is 1 + 1241?
1242
In base 3, what is -1 + -220210?
-220211
In base 16, what is 0 + 185?
185
In base 12, what is 2 - 28?
-26
In base 8, what is -53 + -146?
-221
In base 7, what is -445 - -3?
-442
In base 16, what is 7 - -b1?
b8
In base 8, what is -3564 - 1?
-3565
In base 8, what is -60030 + -1?
-60031
In base 13, what is c3 - 9?
b7
In base 10, what is 14 - -3?
17
In base 7, what is -1 - 501?
-502
In base 12, what is -1 - -98?
97
In base 6, what is -5 - 55?
-104
In base 4, what is 11 + 111001?
111012
In base 10, what is -10884 + 1?
-10883
In base 8, what is 1757 + -3?
1754
In base 5, what is 32 + 33?
120
In base 7, what is 1443 - -5?
1451
In base 10, what is -85 - 19?
-104
In base 4, what is 1123 - 11?
1112
In base 4, what is -102 + 21?
-21
In base 5, what is -1302 - 4?
-1311
In base 9, what is -1 + -557?
-558
In base 14, what is 12 + 2a?
3c
In base 14, what is -2 - 91b?
-91d
In base 2, what is 10000100010101 - 1?
10000100010100
In base 11, what is -13 - 66?
-79
In base 6, what is 214053 - 1?
214052
In base 6, what is -2513 + -10?
-2523
In base 9, what is 2 - 82?
-80
In base 6, what is -21243 - -3?
-21240
In base 14, what is -11c + -2?
-120
In base 3, what is -110 - -20?
-20
In base 12, what is -5 - 18a3?
-18a8
In base 13, what is -5 + b54?
b4c
In base 16, what is -1 + -26?
-27
In base 13, what is -3 + 1c8?
1c5
In base 12, what is 5b + -1?
5a
In base 13, what is 70a - 0?
70a
In base 5, what is 11043 - 0?
11043
In base 13, what is -5 + -131?
-136
In base 4, what is 33 + -120?
-21
In base 4, what is 11 + 132120?
132131
In base 16, what is 22 + 5?
27
In base 12, what is -2 - 3182?
-3184
In base 3, what is -212 + -110?
-1022
In base 2, what is 110011 + 110?
111001
In base 10, what is -18 + 2?
-16
In base 11, what is 62 + 6?
68
In base 6, what is -54122 - -5?
-54113
In base 11, what is 3 + 750?
753
In base 12, what is 14 - 1?
13
In base 9, what is 38 - 2?
36
In base 7, what is -22431 + -3?
-22434
In base 3, what is -12 - 2112?
-2201
In base 14, what is -159 - 4?
-15d
In base 15, what is 8c + -2?
8a
In base 14, what is 2 - c1d?
-c1b
In base 10, what is 1 + -48?
-47
In base 12, what is -121 + 38?
-a5
In base 7, what is -566 - -3?
-563
In base 4, what is -23 + 10102?
10013
In base 5, what is 1 - -14103?
14104
In base 10, what is -401 - 0?
-401
In base 5, what is 10 + 102342?
102402
In base 14, what is 1 - -ac?
ad
In base 7, what is -12 - 16?
-31
In base 15, what is cc + -4?
c8
In base 14, what is -47 + 2?
-45
In base 7, what is -2433 + 2?
-2431
In base 9, what is 5 + -473?
-467
In base 7, what is -1 - -4061?
4060
In base 3, what is 12 - -1101?
1120
In base 14, what is 194 - -4?
198
In base 12, what is 5 + -39?
-34
In base 12, what is -2 - 7b?
-81
In base 7, what is -2 + 33?
31
In base 7, what is 3 - -1301?
1304
In base 2, what is -1010110 - 11?
-1011001
In base 3, what is 202 - 1000?
-21
In base 3, what is -1 - 1021?
-1022
In base 2, what is -100 + 1011101?
1011001
In base 5, what is 1 + 123032?
123033
In base 10, what is -4 + -508?
-512
In base 13, what is -5c + 1a1?
142
In base 16, what is 1a - 3?
17
In base 16, what is -16 - -13?
-3
In base 3, what is -1111 - -22?
-1012
In base 3, what is -1 - -2110102?
2110101
In base 5, what is -3 - 10333?
-10341
In base 9, what is -3 + 62?
58
In base 5, what is 130124 - 10?
130114
In base 15, what is 196 + 4?
19a
In base 11, what is 585 - 5?
580
In base 10, what is 598 - -1?
599
In base 4, what is 10 + -2103?
-2033
In base 8, what is -2